t common factor of 90076 and 28?
28
What is the highest common factor of 965 and 1158?
193
Calculate the highest common divisor of 13410 and 72.
18
Calculate the highest common divisor of 255 and 1125.
15
What is the greatest common factor of 248 and 5084?
124
Calculate the highest common divisor of 16 and 1024.
16
Calculate the greatest common factor of 1595 and 55.
55
Calculate the highest common factor of 42653 and 442.
221
Calculate the highest common factor of 11384 and 8.
8
Calculate the highest common divisor of 44 and 2684.
44
What is the greatest common divisor of 8 and 256?
8
Calculate the greatest common divisor of 10 and 12240.
10
What is the greatest common factor of 4 and 26116?
4
What is the greatest common factor of 136 and 344?
8
What is the highest common factor of 48 and 11304?
24
Calculate the greatest common divisor of 2112 and 66.
66
What is the greatest common divisor of 287 and 14?
7
Calculate the greatest common divisor of 650 and 13.
13
Calculate the highest common divisor of 447 and 2086.
149
Calculate the highest common factor of 4 and 206.
2
Calculate the greatest common divisor of 713 and 217.
31
What is the greatest common factor of 22140 and 108?
108
Calculate the highest common factor of 2 and 626.
2
What is the greatest common divisor of 657 and 292?
73
Calculate the greatest common divisor of 378 and 84.
42
Calculate the highest common factor of 8 and 4020.
4
Calculate the highest common factor of 345 and 6.
3
What is the highest common factor of 2773 and 376?
47
Calculate the highest common factor of 1596 and 357.
21
What is the highest common factor of 13 and 65?
13
Calculate the highest common divisor of 82 and 20582.
82
What is the greatest common divisor of 31 and 1271?
31
Calculate the greatest common divisor of 3383 and 17.
17
Calculate the greatest common divisor of 12 and 282.
6
What is the greatest common factor of 822 and 6?
6
Calculate the highest common divisor of 40 and 1490.
10
What is the greatest common factor of 390 and 30?
30
Calculate the greatest common divisor of 483 and 63.
21
Calculate the greatest common factor of 188 and 846.
94
What is the greatest common factor of 3344 and 88?
88
What is the greatest common factor of 50 and 525?
25
What is the highest common factor of 1275 and 51?
51
Calculate the highest common divisor of 125 and 17500.
125
Calculate the greatest common divisor of 15 and 85.
5
What is the greatest common divisor of 145 and 377?
29
Calculate the greatest common factor of 1775 and 50.
25
What is the greatest common divisor of 15 and 81?
3
What is the highest common divisor of 70 and 200?
10
Calculate the highest common factor of 32076 and 66.
66
Calculate the highest common divisor of 1068 and 8277.
267
What is the greatest common divisor of 295 and 200?
5
Calculate the greatest common factor of 3569 and 249.
83
What is the highest common divisor of 58 and 2146?
58
What is the highest common divisor of 874 and 38?
38
Calculate the highest common factor of 470 and 25.
5
Calculate the highest common factor of 949 and 511.
73
What is the highest common factor of 4 and 14?
2
What is the highest common factor of 324 and 36?
36
Calculate the greatest common factor of 4 and 3092.
4
Calculate the greatest common factor of 1008 and 3864.
168
Calculate the highest common divisor of 15 and 3.
3
Calculate the greatest common factor of 3972 and 36.
12
What is the greatest common divisor of 98 and 322?
14
What is the highest common factor of 106 and 3922?
106
What is the greatest common factor of 105 and 1330?
35
What is the highest common factor of 2840 and 40?
40
What is the greatest common divisor of 20 and 20?
20
Calculate the greatest common factor of 1092 and 39.
39
What is the greatest common factor of 484 and 176?
44
What is the greatest common factor of 1102 and 2117?
29
What is the highest common factor of 105 and 6405?
105
Calculate the highest common divisor of 225 and 125.
25
What is the highest common divisor of 2 and 121?
1
Calculate the highest common divisor of 188 and 846.
94
Calculate the greatest common divisor of 2666 and 186.
62
What is the greatest common factor of 27 and 1143?
9
What is the highest common factor of 1480 and 80?
40
Calculate the greatest common factor of 237 and 1.
1
What is the highest common divisor of 53 and 2?
1
Calculate the highest common factor of 1352 and 52.
52
What is the highest common divisor of 666 and 4477?
37
What is the greatest common factor of 423 and 9?
9
What is the greatest common divisor of 143 and 13?
13
Calculate the greatest common factor of 256 and 128.
128
Calculate the highest common factor of 4437 and 153.
153
What is the highest common factor of 78 and 39?
39
Calculate the highest common factor of 39338 and 17.
17
Calculate the greatest common factor of 3565 and 1495.
115
Calculate the highest common factor of 20 and 140.
20
Calculate the highest common divisor of 169 and 637.
13
Calculate the greatest common divisor of 33 and 33.
33
What is the highest common factor of 14 and 12?
2
What is the highest common divisor of 880 and 682?
22
Calculate the highest common divisor of 100 and 4050.
50
Calculate the highest common divisor of 310 and 14446.
62
Calculate the highest common factor of 342 and 126.
18
What is the greatest common factor of 66 and 5478?
66
Calculate the highest common divisor of 5 and 545.
5
What is the highest common factor of 5 and 145?
5
Calculate the greatest common divisor of 3979 and 46.
23
What is the highest common divisor of 6390 and 90?
90
Calculate the greatest common divisor of 672 and 44.
4
What is the greatest common factor of 238 and 42?
14
Calculate the greatest common factor of 45 and 4005.
45
What is the highest common divisor of 172 and 86?
86
Calculate the highest common factor of 4575 and 150.
75
Calculate the highest common factor of 144 and 36.
36
What is the highest common divisor of 304 and 176?
16
Calculate the greatest common divisor of 42 and 903.
21
What is the greatest common factor of 4776 and 12?
12
What is the highest common divisor of 86 and 6106?
86
What is the greatest common divisor of 8 and 316?
4
Calculate the highest common divisor of 60 and 471.
3
What is the greatest common factor of 127 and 1397?
127
What is the greatest common factor of 880 and 720?
80
Calculate the highest common factor of 265 and 265.
265
What is the highest common factor of 20 and 95?
5
What is the highest common factor of 9 and 153?
9
Calculate the greatest common factor of 8 and 2048.
8
What is the highest common factor of 107 and 1?
1
Calculate the greatest common factor of 18 and 26496.
18
Calculate the greatest common factor of 126 and 9.
9
Calculate the greatest common factor of 549 and 9.
9
What is the greatest common divisor of 72 and 738?
18
What is the highest common factor of 90 and 510?
30
What is the greatest common divisor of 1240 and 10168?
248
What is the greatest common divisor of 84 and 196?
28
What is the greatest common divisor of 30 and 42?
6
Calculate the highest common divisor of 8550 and 171.
171
What is the greatest common divisor of 265 and 5?
5
What is the highest common factor of 154 and 14?
14
What is the highest common factor of 11 and 11?
11
What is the highest common factor of 473 and 660?
11
Calculate the highest common factor of 672 and 1904.
112
What is the highest common divisor of 326 and 16789?
163
Calculate the greatest common factor of 29 and 174.
29
Calculate the greatest common factor of 24867 and 614.
307
What is the greatest common divisor of 3456 and 27?
27
Calculate the greatest common factor of 848 and 16.
16
What is the greatest common factor of 93 and 961?
31
What is the greatest common divisor of 83 and 2?
1
What is the highest common factor of 1675 and 67?
67
Calculate the greatest common factor of 604 and 302.
302
What is the greatest common factor of 228 and 171?
57
What is the greatest common divisor of 237 and 75?
3
What is the highest common divisor of 36 and 117?
9
Calculate the greatest common factor of 1622 and 2.
2
What is the highest common divisor of 16 and 116?
4
What is the greatest common divisor of 1288 and 1127?
161
What is the greatest common factor of 1554 and 70?
14
Calculate the highest common divisor of 533